is divided by (17/(1020/972))/(9/75).
134
Let t(h) = 2*h - 4. Let b be t(15). Let q = 32 + b. Suppose 7 = 4*d - 73. What is the remainder when q is divided by d?
18
Let n(m) = -4*m - 66. What is the remainder when 547 is divided by n(-62)?
1
Let t = 178 + 12. What is the remainder when t is divided by 17/(-34) - (-3)/(6/25)?
10
Let g(h) = 31*h + 1754. What is the remainder when 1442 is divided by g(-53)?
110
Let i(g) be the first derivative of g**4/4 + 5*g**3 + 3*g**2/2 - 32*g - 9. Let u be i(-15). Let m = 97 + u. What is the remainder when 46 is divided by m?
6
Let w(j) = 7*j**2 + 19. Let g(u) = 20*u - 15. Calculate the remainder when w(-6) is divided by g(2).
21
Let b = 297 + -262. Let p = 165 - 91. Suppose -2*h + 48 = 4*i, 3*h - p = -h + 3*i. Calculate the remainder when b is divided by h.
15
Let b(r) = 18*r**3 - 106*r**2 + 7*r - 1. Calculate the remainder when b(7) is divided by 205.
3
Suppose 5*l - 2*l - 11754 = -3*b, l - 2*b = 3903. Suppose 10*o - l = 3*o. Calculate the remainder when o is divided by 51.
49
Suppose 0 = -2*x - 7 - 1, -3*a + 76 = 2*x. Let d = -48 + a. Let k = -7 - d. What is the remainder when k is divided by 7?
6
Let t be (-6)/4 + 144/96. Suppose -76*j + 64*j + 288 = t. What is the remainder when (1 - -141*1)/1 is divided by j?
22
Calculate the remainder when 902 is divided by (-10)/(-4)*(-11)/(-55)*298.
8
Suppose -5*m + 17290 = 5*u, -4*u + 15 - 35 = 0. Calculate the remainder when m is divided by 21.
19
Let r be ((-18)/15*-5 + -12)*-17. Let w(a) = a**3 + 8*a**2 + 7*a + 10. What is the remainder when 8 + r + -4 + 3 is divided by w(-7)?
9
What is the remainder when 162 is divided by 1568/10 - 32*8/320?
6
Suppose 254 = 4*o - 70. Let j = 86 + -94. Let m(y) = y**3 + 8*y**2 - 5*y - 12. Calculate the remainder when o is divided by m(j).
25
Let t(s) = -s**2 - 82*s + 234. Calculate the remainder when t(-26) is divided by 19.
18
Let s(b) be the first derivative of -b**3/3 + 11*b**2/2 + 8*b + 3. Calculate the remainder when s(10) is divided by -1 + 1 + -2 - -13.
7
Let h be 0/(-3 + -1 + 3). Let j(n) = 7*n**2 - 416*n - 232. What is the remainder when (10/4 + h)*18 is divided by j(60)?
5
Let x = 196 - 193. Suppose -4*z = 5*q - x*q - 6, -2*q = z - 12. What is the remainder when 109 is divided by q?
4
Let p(i) = 2*i + 7. Let d = -13234 - -13287. What is the remainder when d is divided by p(6)?
15
Let q = 25081 + -22476. Calculate the remainder when q is divided by 289.
4
Suppose 0 = -54*f + 49*f + 380. Let c = 86 - f. Calculate the remainder when 37 is divided by c.
7
Let o be (0 + -5)/((-11)/110). Suppose 0 = -4*c - 3*n + 17, -2*n = 3*c - 4*n. Suppose -c*h = -46 - o. What is the remainder when h is divided by 10?
8
Suppose 1851 = 3*j + 3*r, -j + 0*r + 3*r + 621 = 0. What is the remainder when j is divided by (-102)/(-6)*217/119?
29
Let d = 15 + 3. Let c(a) = -45*a + 33. Let p be c(5). What is the remainder when p*(-30)/18*(-1)/(-5) is divided by d?
10
Let y = -64 + 238. Let l = 168 + -157. Calculate the remainder when y is divided by l.
9
Let m = -1 + 6. Let p(l) = -l**3 + 8*l**2 + 2*l - 16. Let o be p(6). Suppose -3*d = -o + 35. Calculate the remainder when d is divided by m.
1
Let w be (-255)/(-20) + 6/(-8). Let a be ((-2)/3)/(4 + (-52)/w). Suppose 3*i - 8 = -q - 2, -2*i = -a*q - 4. Calculate the remainder when 2 is divided by i.
0
Suppose -2*m - 137 = 25. Calculate the remainder when (m + 0)/(-3) - -5 is divided by 19.
13
Let i = -8 + 11. Let l(u) = -3*u**i - 6 - 2 - 6*u + 4*u**3 - 9*u**2 - 9. Calculate the remainder when 68 is divided by l(10).
22
Suppose -2*r + 70 = 2*v, -3*r - 2*v + 121 = -3*v. Let s = 825 - 834. Let y = s + r. Calculate the remainder when 148 is divided by y.
28
Let i = 23 + -3. Suppose -4*y + 4*w - 14 = 2*w, -4*w + i = 0. What is the remainder when ((-1044)/(-24))/(y/(-2)) is divided by 18?
15
Suppose 98*j = -1467 + 14305. What is the remainder when j is divided by 66?
65
Let m be (1218/(-15))/((-1)/(10 + -5)). Suppose -2112*b + 2119*b - m = 0. Calculate the remainder when 96 is divided by b.
38
Let r(z) = 27*z - 828. What is the remainder when ((-1)/(-3))/((-7)/(-483)) is divided by r(31)?
5
Let i(b) = -70*b**2 + 22*b**2 + 24*b**2 + 17 + 2*b**3 - 8*b + 20*b**2. Calculate the remainder when 186 is divided by i(4).
39
Let i = -101 - -212. Let b = 11744 + -11706. Calculate the remainder when i is divided by b.
35
Let a(w) = -w**3 + 18*w**2 + w + 19. Let x = -38 + 42. Suppose 3*u - 4*m - 66 = 0, -u = -3*u + x*m + 48. What is the remainder when a(u) is divided by 19?
18
Let w(z) = z**3 + 7*z**2 - 9*z - 11. Let x be w(-8). Let c(j) = j**2 + 3*j + 2. Calculate the remainder when 15 is divided by c(x).
1
Let x = 3017 - 2965. Calculate the remainder when x is divided by 42.
10
Let h(c) = 2*c**2 - 9*c + 3. Let a be h(7). Suppose -49 = -2*g + 3*u + a, -g + 3*u + 42 = 0. What is the remainder when g is divided by 10?
5
Suppose -240*r = -232*r - 3112. What is the remainder when r is divided by 50?
39
Suppose 0 = -10*o + 5*o - 15, 5*s - 14760 = 5*o. Calculate the remainder when s is divided by 8.
5
Let u be -1 + -1 + 0 - 174/(-6). Suppose -5*n = -2*c - 32, 10*n = 8*n + 4*c. Calculate the remainder when n is divided by (-4)/(-3)*u/6.
2
Let t be ((-15)/(90/(-24)))/2. What is the remainder when 6 is divided by -10*(144/40 - 8/t)?
2
Let o(x) = -x**2 - 11*x + 1215. What is the remainder when o(22) is divided by 45?
39
Let l(c) = 5*c**2 - 40*c - 107. Calculate the remainder when 375 is divided by l(-4).
109
Suppose 0*q + 5*g + 56 = q, -3*g + 132 = 3*q. Let a be 1*(-41)/(-1)*5. Let w = a - 181. What is the remainder when q is divided by w?
22
Let i(k) = -k**3 - 19*k**2 - 82*k + 34. What is the remainder when 332 is divided by i(-6)?
42
Suppose 28 - 95 = -4*s + 5*p, 0 = -5*s - 4*p + 53. Let a = -8 + s. Suppose 247*g - 172 = 225*g + 246. What is the remainder when g is divided by a?
4
Let t(q) = 6*q - 3. Let p(s) = -s. Let j(d) = 3*p(d) + t(d). Let w be j(5). Suppose 108 = w*f - 8*f. What is the remainder when f is divided by 16?
11
Calculate the remainder when 768 is divided by 4/(-6)*(-3)/((10/59)/10).
60
Suppose 2*o = 8, -4*a - 4*o + 704 = -728. What is the remainder when a is divided by 52?
42
Let y be (-15)/9*(12 + 3). Let j = y + 93. What is the remainder when 201 is divided by j?
65
Suppose 5 = 2*i - 55. Let u(y) = -y**3 - 8*y**2 - 16*y - 13. Let s be 12/(-36)*(-36)/(-1 + -1). Calculate the remainder when i is divided by u(s).
8
Let w(x) = -8*x**2 + 37*x + 100. Let f(m) = 3*m**2 - 12*m - 33. Let k(i) = -11*f(i) - 4*w(i). Calculate the remainder when 74 is divided by k(-11).
2
Suppose 36*d - 3099 = -3. Calculate the remainder when 367 is divided by d.
23
Suppose -2*o - 10*k = -9*k - 56, 0 = 2*o + 4*k - 44. Suppose -13*q + o*q = 85. Calculate the remainder when 69 is divided by q.
4
Let c be (-2)/(-4) + -14*1/(-4). Suppose c*j - 1038 = -2*j. Calculate the remainder when j is divided by 29.
28
Let u(c) = 2*c**2 + 20*c - 17. Let r be u(-11). Suppose -4*w + 15 = -2*t - 1, r*t = w + 5. Calculate the remainder when 6 - 13/t - (-174)/4 is divided by 9.
7
Let j(w) = -w**2 - 22*w + 374. What is the remainder when 338 is divided by j(-33)?
8
Let y = -274 + 232. What is the remainder when 9 is divided by 3*3/(-36) + y/(-8)?
4
Calculate the remainder when 1678/10 - 1/(-5) is divided by (5/4)/((-2)/(-9) + 763/(-7848)).
8
Let c(q) = 8*q + 7. What is the remainder when (-6 - (-25 - -17))/((-4)/(-562)) is divided by c(5)?
46
Suppose 0 = -3*p + p + 70. Let x(y) = 2*y**2 - 44*y + 19. Let v = 69 - 47. What is the remainder when p is divided by x(v)?
16
Let k be (6/(-9))/(6/(-6021)). Let g = k + -633. Calculate the remainder when 168 is divided by g.
24
Suppose -8*l - 110 = -3*u - 3*l, 5*u - 2*l = 177. Suppose -u*y = -326 + 11. What is the remainder when 51 is divided by y?
6
Let o = 8192 - 5186. Suppose 0 = -46*l + 55*l - o. Calculate the remainder when l is divided by (-171)/(-3) + -2 + 1.
54
Let a be -12*(7/(-1) + 1). Let r be -5*(-24)/(-16)*110/15. Let v = r + a. What is the remainder when 29 is divided by v?
12
Let b(q) be the third derivative of -q**5/60 - 5*q**4/24 + 3*q**3/2 + 29*q**2. Let i be -5 - (-14 + 5 + 4). What is the remainder when 43 is divided by b(i)?
7
Let r(l) = 26*l + 5. Let n be r(-3). Let a = -42 - n. Calculate the r